e hundreds digit of 1347924?
9
What is the tens digit of 7676466?
6
What is the thousands digit of 7121693?
1
What is the thousands digit of 100089?
0
What is the ten thousands digit of 3959344?
5
What is the ten thousands digit of 395019?
9
What is the hundreds digit of 63327?
3
What is the millions digit of 2765958?
2
What is the tens digit of 2857615?
1
What is the thousands digit of 599027?
9
What is the ten thousands digit of 97509?
9
What is the hundreds digit of 2291910?
9
What is the tens digit of 769683?
8
What is the hundreds digit of 1166239?
2
What is the hundred thousands digit of 1940035?
9
What is the thousands digit of 123148?
3
What is the units digit of 2151607?
7
What is the units digit of 13592482?
2
What is the ten millions digit of 10003841?
1
What is the hundred thousands digit of 757452?
7
What is the ten thousands digit of 109120?
0
What is the millions digit of 26369762?
6
What is the tens digit of 246925?
2
What is the tens digit of 1187665?
6
What is the hundreds digit of 134935?
9
What is the units digit of 4992473?
3
What is the ten thousands digit of 1916938?
1
What is the ten thousands digit of 293643?
9
What is the hundred thousands digit of 353521?
3
What is the tens digit of 234486?
8
What is the tens digit of 7225716?
1
What is the tens digit of 4778632?
3
What is the hundreds digit of 3898929?
9
What is the millions digit of 2893729?
2
What is the tens digit of 3978727?
2
What is the tens digit of 2104036?
3
What is the tens digit of 507920?
2
What is the ten thousands digit of 695891?
9
What is the thousands digit of 196595?
6
What is the ten thousands digit of 5028053?
2
What is the tens digit of 74547?
4
What is the thousands digit of 4932078?
2
What is the units digit of 812087?
7
What is the ten thousands digit of 732962?
3
What is the hundred thousands digit of 9255269?
2
What is the units digit of 1757408?
8
What is the hundred thousands digit of 4537942?
5
What is the ten thousands digit of 295891?
9
What is the tens digit of 1981587?
8
What is the tens digit of 1856268?
6
What is the units digit of 143887?
7
What is the ten thousands digit of 977785?
7
What is the ten thousands digit of 1437150?
3
What is the thousands digit of 233268?
3
What is the hundreds digit of 925986?
9
What is the tens digit of 18975889?
8
What is the tens digit of 346791?
9
What is the thousands digit of 15454947?
4
What is the ten thousands digit of 30636632?
3
What is the units digit of 136083?
3
What is the hundred thousands digit of 1615966?
6
What is the units digit of 117305?
5
What is the tens digit of 3341867?
6
What is the units digit of 8338118?
8
What is the tens digit of 244593?
9
What is the units digit of 63152?
2
What is the ten thousands digit of 1495783?
9
What is the millions digit of 6761596?
6
What is the millions digit of 8707914?
8
What is the hundreds digit of 154527?
5
What is the units digit of 1572705?
5
What is the units digit of 9362780?
0
What is the thousands digit of 4943100?
3
What is the units digit of 33473?
3
What is the hundreds digit of 696378?
3
What is the thousands digit of 3573811?
3
What is the hundred thousands digit of 199634?
1
What is the units digit of 204994?
4
What is the ten thousands digit of 75842?
7
What is the thousands digit of 2730717?
0
What is the hundred thousands digit of 18095845?
0
What is the hundreds digit of 341915?
9
What is the hundred thousands digit of 450159?
4
What is the thousands digit of 11280936?
0
What is the units digit of 3513793?
3
What is the hundred thousands digit of 131154?
1
What is the ten thousands digit of 824511?
2
What is the hundreds digit of 477428?
4
What is the hundred thousands digit of 383353?
3
What is the ten thousands digit of 12168743?
6
What is the units digit of 2350259?
9
What is the hundreds digit of 473334?
3
What is the thousands digit of 11387335?
7
What is the millions digit of 4313162?
4
What is the units digit of 2209074?
4
What is the units digit of 4352573?
3
What is the tens digit of 9770136?
3
What is the units digit of 6096852?
2
What is the hundreds digit of 412802?
8
What is the thousands digit of 2380799?
0
What is the units digit of 1050667?
7
What is the units digit of 3580357?
7
What is the tens digit of 1129642?
4
What is the tens digit of 1746111?
1
What is the units digit of 3541558?
8
What is the hundreds digit of 383265?
2
What is the thousands digit of 146087?
6
What is the hundred thousands digit of 458026?
4
What is the thousands digit of 24884?
4
What is the hundred thousands digit of 31476973?
4
What is the ten thousands digit of 825766?
2
What is the ten thousands digit of 92244?
9
What is the tens digit of 282854?
5
What is the tens digit of 14725788?
8
What is the tens digit of 306138?
3
What is the ten thousands digit of 272979?
7
What is the tens digit of 1586297?
9
What is the millions digit of 1654313?
1
What is the units digit of 833880?
0
What is the hundred thousands digit of 409731?
4
What is the units digit of 637038?
8
What is the hundred thousands digit of 250186?
2
What is the tens digit of 257242?
4
What is the tens digit of 917182?
8
What is the thousands digit of 506067?
6
What is the thousands digit of 1240746?
0
What is the millions digit of 2454113?
2
What is the ten thousands digit of 10999544?
9
What is the thousands digit of 52800?
2
What is the hundreds digit of 46206?
2
What is the hundreds digit of 197880?
8
What is the ten thousands digit of 432922?
3
What is the hundred thousands digit of 7347659?
3
What is the thousands digit of 27235216?
5
What is the hundred thousands digit of 8413432?
4
What is the tens digit of 975060?
6
What is the hundreds digit of 17142051?
0
What is the hundreds digit of 6121137?
1
What is the tens digit of 6037951?
5
What is the tens digit of 81436?
3
What is the ten thousands digit of 180670?
8
What is the thousands digit of 1622710?
2
What is the hundred thousands digit of 187109?
1
What is the thousands digit of 208314?
8
What is the thousands digit of 9746359?
6
What is the hundreds digit of 387906?
9
What is the tens digit of 370719?
1
What is the ten thousands digit of 788273?
8
What is the units digit of 115850?
0
What is the thousands digit of 191602?
1
What is the tens digit of 1575501?
0
What is the units digit of 56227?
7
What is the ten millions digit of 30637541?
3
What is the ten thousands digit of 25207574?
0
What is the hundreds digit of 4159933?
9
What is the millions digit of 2174679?
2
What is the tens digit of 99817?
1
What is the hundreds digit of 639281?
2
What is the hundred thousands digit of 40025506?
0
What is the ten thousands digit of 433418?
3
What is the thousands digit of 15862375?
2
What is the tens digit of 4660022?
2
What is the thousands digit of 621260?
1
What is the tens digit of 655850?
5
What is the units digit of 216234?
4
What is the hundreds digit of 196451?
4
What is the ten thousands digit of 5412709?
1
What is the units digit of 3319214?
4
What is the hundred thousands digit of 3150656?
1
What is the ten thousands digit of 478245?
7
What is the hundred thousands digit of 7291808?
2
What is the millions digit of 13293821?
3
What is the hundreds digit of 820637?
6
What is the units digit of 1185545?
5
What is the hundreds digit of 13612905?
9
What is the hundreds digit of 1355508?
5
What is the ten thousands digit of 2390167?
9
What is the thousands digit of 1312235?
2
What is the thousands digit of 2951145?
1
What is the thousands digit of 457506?
7
What is the units digit of 22938?
8
What is the tens digit of 6621744?
4
What is the hundreds digit of 2942276?
2
What is the tens digit of 126?
2
What is the units digit of 257940?
0
What is the units digit of 9213975?
5
What is the thousands digit of 9272509?
2
What is the tens digit of 6856289?
8
What is the thousands digit of 218857?
8
What is the thousands digit of 8322991?
2
What is the millions digit of 10926918?
0
What is the thousands digit of 1693996?
3
What is the tens digit of 12968283?
8
What is the units digit of 312161?
1
What is the hundreds digit of 2227368?
3
What is the tens digit of 2817195?
9
What is the thousands digit of 5485142?
5
What is the tens digit of 9328626?
2
What is the tens digit of 1950163?
6
What is the tens dig